 (-2)/(-15) + (-39408)/g. What are the prime factors of 8/(-12)*l/(-4)?
73
Let j(y) = -y**3 - 9*y**2 + 5*y - 22. Let h = -53 - -43. Let v be j(h). Suppose -n + t = -104 + v, t = -4*n + 284. What are the prime factors of n?
2, 3
Let k(m) = 5*m**3 - 14*m**2 + 25*m - 35. What are the prime factors of k(11)?
7, 743
Let u(l) = -6*l - 4*l - 21 + 10 - 27. Let k be u(-11). Suppose p + 42 = v - k, -4*v = -3*p - 461. List the prime factors of v.
7, 17
Let k(v) = -v**2 + 26*v**3 + 95*v + 2 - 189*v + 88*v. What are the prime factors of k(3)?
677
Let y(d) = 78*d**2 + 193*d + 13. What are the prime factors of y(-9)?
2, 2297
Suppose -26213 = -54*u + 80005. What are the prime factors of u?
7, 281
Let u = 7804 + 9149. List the prime factors of u.
3, 5651
List the prime factors of 3351 + 16 - 1/((-5)/(-15)).
2, 29
Suppose -98 = 3*k - 4*a + 275, -k + 2*a = 123. Let x = k + 269. What are the prime factors of x?
2, 71
Let y = 58 + -52. Let s be -59*y*-7*(-3)/21. Let b = -243 - s. List the prime factors of b.
3, 37
Let k = 12673 - 6734. List the prime factors of k.
5939
What are the prime factors of -36198*(-1)/(2 + -11 - -12)?
2, 3, 2011
Suppose 16*j - 15389 + 41409 = 21*j. List the prime factors of j.
2, 1301
Let d(m) = -3*m + 13. Let v(p) = p**2 + 9*p + 10. Let k be v(-6). Let a(t) = -t - 18. Let g be a(k). What are the prime factors of d(g)?
43
Let u = 3830 - 2167. List the prime factors of u.
1663
Let a be 0/((42/7)/6). Suppose a = 14*y - 7359 - 6207. List the prime factors of y.
3, 17, 19
Let d(r) = 5819*r + 9980. List the prime factors of d(5).
3, 5, 521
Let n(d) = 3*d**3 - 8*d**2 - 16*d - 63. Let z be n(8). Suppose -8*y = -6*y - 4*j - 1702, -z = -y - 4*j. List the prime factors of y.
5, 13
Suppose 0 = 3*z - 3*u - 36129, -4*z - 5*u = -2*u - 48151. What are the prime factors of z?
2, 5, 7, 43
Let m(j) = j**3 + 5*j**2 + 45*j + 90. What are the prime factors of m(14)?
2, 11, 101
Suppose -3*x - 3*k + 87 = 0, 22*k = 24*k + 2. Suppose -49*h + 18772 = -x*h. What are the prime factors of h?
2, 13, 19
Let f = 2 - -3. Suppose -2*z + 26 - f = 3*p, -4*p + 35 = 5*z. Suppose 0 = -5*s - z*a - a + 56, 5*s - 60 = -5*a. What are the prime factors of s?
2
Let m be 4/14 + (-57)/(-21). Let a(f) = -8*f**2 + 2*f - 10. Let y(t) = -25*t**2 + 5*t - 28. Let r(b) = 8*a(b) - 3*y(b). What are the prime factors of r(m)?
2, 53
Suppose -480 = 3*k - 4*v + 2*v, 3*k + 459 = -5*v. Let q = 507 + k. List the prime factors of q.
349
Suppose 1 = q, 4*n + q = 124 + 133. Let b = n - 62. Suppose 0 = 5*t - 0*o - 5*o - 840, 10 = -b*o. List the prime factors of t.
163
Suppose 4*x - 36 + 20 = 0. Suppose 0 = x*l + 5 - 25. Suppose 86 = -4*p - 3*y + 274, 196 = 4*p + l*y. What are the prime factors of p?
2, 11
Let s be 31/(8/(-288)*-6 + 0). Suppose -2*t = u + 4*u + 549, u + 3*t + 115 = 0. Let v = u + s. What are the prime factors of v?
7, 11
Let i(j) = 4*j**3 - 11*j**2 - 44*j - 69. What are the prime factors of i(21)?
2, 3, 5, 13
List the prime factors of (2/20*-304)/((-2)/470).
2, 19, 47
Let m = -85 - -90. Suppose 3*w = j + 265, 2*j - 75 = -w + m*j. List the prime factors of w.
2, 3, 5
Let w = -42 - -132. Suppose 0 = 2*j - 576 - w. List the prime factors of j.
3, 37
Let m = -85 + 81. Let l(y) = 5*y**2 - 6*y - 27. Let z(n) = -9*n**2 + 11*n + 54. Let j(h) = m*z(h) - 7*l(h). What are the prime factors of j(11)?
2, 3
Let q be 602/(-56) - 1/4. Suppose -v + 2 = -3*i, 5*v = 3*i + 79 - 21. Let k = v + q. List the prime factors of k.
3
Let o be 15/(-12) - 135/20. What are the prime factors of ((23 + o)*36)/(4/6)?
2, 3, 5
Let q(a) = 17*a + 44. Let d be q(-8). Let k = -311 - d. What are the prime factors of k*-1*6/9?
2, 73
Let o = -5276 + 10595. List the prime factors of o.
3, 197
Suppose 2*n = -12*l + 22734, 34026 = 3*n + 28*l - 25*l. List the prime factors of n.
3, 3779
Let n(i) = 77*i**2 - 30*i - 16. List the prime factors of n(-8).
2, 7, 23
Let q(w) = 2*w**3 + 3*w**2 - w - 4. Let m be q(-1). List the prime factors of (m - (16/(-5))/(-8))*-290.
2, 3, 29
Let b(v) = 11 + 4*v + 4 - 7*v**3 + 9*v**2 - v**3 + 7*v**3. Let n be b(10). List the prime factors of -1*n/(-6)*-6.
3, 5
Suppose 4*j - 2*l = -5*l + 131, 0 = 2*j - 2*l - 48. Let o(c) = 14*c + 66. What are the prime factors of o(j)?
2, 59
Suppose 7*n - 4 = 5*n. Suppose -5*f = -n*f - 5*f. What are the prime factors of f + -2 - (-4 + 47*-3)?
11, 13
Suppose 121*l + 21741 = c + 116*l, -4*l = -5*c + 108789. List the prime factors of c.
47, 463
Let z(x) = -27*x - 63. Let k be z(-3). Suppose k*n = 15184 + 2366. What are the prime factors of n?
3, 5, 13
Let w = 1491 + -848. What are the prime factors of (w - (-12)/3) + (-3)/(-3)?
2, 3
Suppose 0*b + 2*b - 2893 = -3*c, 2*c - 4332 = -3*b. List the prime factors of b.
2, 7, 103
Let v(c) be the first derivative of 0*c**2 + 15 + 1/3*c**3 - c - 23/4*c**4. List the prime factors of v(-1).
23
Let s(r) = 49*r + 43. Let x be s(-5). Let l = -191 - x. List the prime factors of l.
11
Suppose -365*r - 1099264 - 531665 = -478*r. List the prime factors of r.
3, 17, 283
What are the prime factors of -6 - 0 - 9597/(7 - 10)?
31, 103
Let p = -13424 - -26027. What are the prime factors of p?
3, 4201
Let p be (-15)/25 + 8379/15. Let w = -280 + p. What are the prime factors of w?
2, 139
Let y be 7947*(-15)/((-225)/10). Suppose 0 = -5*n + 2*w - 5*w + 8798, -3*w = -3*n + y. What are the prime factors of n?
2, 881
Let f = -1666 + 2405. Suppose -f - 136 = -2*a + h, -878 = -2*a + 2*h. List the prime factors of a.
2, 109
Let z = 6175 - 326. What are the prime factors of z?
5849
Suppose 3*g = -2*r + 11683, -5*r + 11680 = -0*g + 3*g. List the prime factors of g.
5, 19, 41
Suppose 0 = -3*r - t + 464, 8*t - 3*t + 5 = 0. What are the prime factors of r?
5, 31
Suppose 25*t = 31*t + 18. What are the prime factors of (-1875)/t + (-1 - (-1)/1)?
5
Suppose 10*d = -2395 - 1045. Let i = 536 + d. What are the prime factors of i?
2, 3
Let g = -271 - -275. Suppose 3*z - 3924 = 5*m - 8*m, z - g*m - 1318 = 0. List the prime factors of z.
2, 5, 131
Suppose -5*y + n + 947 = -0*n, -5*n = 4*y - 746. Suppose 6*g = 7*g + 99. Let p = g + y. What are the prime factors of p?
2, 3, 5
Let g(u) = 4*u**2 - 3*u - 28. Let m be g(-5). Let i = -6 + m. What are the prime factors of i?
3
Let l(f) = 120*f + 1197. List the prime factors of l(9).
3, 11, 23
Suppose -11*o + 350 = -6*o. Suppose -790 = -8*n - o. What are the prime factors of -5*(2/8 - n/8)?
5, 11
Suppose 30 = -19*j - 103. Let n(q) = 6*q**2 + 45*q + 29. List the prime factors of n(j).
2
What are the prime factors of ((-3601340)/110)/(-1) + (-12)/(-22)?
2, 5, 1637
Suppose 0 = -6*j + 19812 - 7646 + 37154. List the prime factors of j.
2, 3, 5, 137
Let q be (-6)/4 + (55/10 - 4). Suppose -4*g - 12 = -3*h - 0*g, 5*h - g - 3 = q. Suppose 5*b - 3*k = -0*k + 432, 4*k + 16 = h. What are the prime factors of b?
2, 3, 7
Let d = 4 - 4. Let a be (4 - (-21)/(-6))*(d - -6). List the prime factors of (79/(-3))/((-1)/a).
79
What are the prime factors of 161553/63 - 15 - (-4)/(-3)?
2, 7, 13
Let a(d) = 82*d. Let y(z) = 41*z + 1. Let u(c) = -3*a(c) + 5*y(c). List the prime factors of u(-3).
2
Let b(u) be the first derivative of 2*u**3 - 4*u - u**2 - 1/4*u**4 - 11. List the prime factors of b(4).
2, 5
Let m = -8648 - -28386. List the prime factors of m.
2, 71, 139
Let u be -1*(-2)/10*(2 + -7). Let i(l) = -l**2 - 1. Let k(b) = -99*b**2 - 2*b - 6. Let d(o) = 4*i(o) - k(o). List the prime factors of d(u).
5, 19
Suppose w + 30 = -3*j + 21, -3*j = -4*w + 9. Suppose 0 = 5*k - r - 945 + 172, w = -k - 3*r + 145. List the prime factors of k.
2, 7, 11
Let w(b) = 118*b - 26. Let k be w(8). Suppose 0 = 15*g - 9*g - k. List the prime factors of g.
3, 17
List the prime factors of (-1)/((-5)/(12 - -173)).
37
Suppose -4*k + 3*m = 3, -12 = -6*k + 5*k + 5*m. Let f be (-4)/6 + k + 50677/(-3). List the prime factors of 2/(-13) + f/(-143) + -2.
2, 29
Let c(i) = -36*i**3 - 19*i**2 - 4*i + 28. List the prime factors of c(-5).
4073
Let g be (-18)/2*19*(-66)/9. Suppose -5*s - 1246 = -2*a, 2*s = -2*a + 5*s + g. What are the prime factors of a?
3, 211
Suppose -p = 5*k - 32548, -6502 = -k - 2*p - 2*p. Suppose k = 9*l + 1650. Suppose 0 = 20*x - 26*x + l. What are the prime factors of x?
2, 3, 5
Let s(i) = -11120*i**3 - 24*i**2 - 4*i - 3. List the prime factors of s(-1).
3, 137
Le